{"id":219,"date":"2020-05-12T03:43:04","date_gmt":"2020-05-12T01:43:04","guid":{"rendered":"https:\/\/3hus.se\/projekt\/brf-nasslan\/services\/"},"modified":"2023-05-10T20:17:16","modified_gmt":"2023-05-10T18:17:16","slug":"privacy-policy","status":"publish","type":"page","link":"https:\/\/3hus.se\/projekt\/brf-nasslan\/privacy-policy\/","title":{"rendered":"Integritetspolicy"},"content":{"rendered":"\n<div class=\"wp-block-cover alignfull has-background-dim has-parallax has-background-gradient\" style=\"background-image:url(https:\/\/3hus.se\/projekt\/brf-nasslan\/wp-content\/uploads\/2020\/04\/landscape-mountains-sky-4843193.jpg);min-height:450px\"><span aria-hidden=\"true\" class=\"wp-block-cover__gradient-background\" style=\"background:linear-gradient(180deg,rgb(21,50,67) 0%,rgb(26,108,122) 100%)\"><\/span><div class=\"wp-block-cover__inner-container is-layout-flow wp-block-cover-is-layout-flow\">\n<h1 class=\"has-text-align-center has-white-color has-text-color wp-block-heading\">Integritetspolicy<\/h1>\n<\/div><\/div>\n\n\n\n<div style=\"height:100px\" aria-hidden=\"true\" class=\"wp-block-spacer\"><\/div>\n\n\n\n<section class=\"wp-block-uagb-section uagb-section__wrap uagb-section__background-undefined uagb-block-52b29299 animated fadeIn slow\" id=\"laget\"><div class=\"uagb-section__overlay\"><\/div><div class=\"uagb-section__inner-wrap\">\n<div class=\"wp-block-uagb-advanced-heading uagb-block-0503fb6c\"><h2 class=\"uagb-heading-text\"><strong>PRIVACY OCH COOKIES POLICY<\/strong><\/h2><p class=\"uagb-desc-text\"><\/p><\/div>\n\n\n\n<section class=\"wp-block-uagb-section uagb-section__wrap uagb-section__background-undefined uagb-block-5f0edfb3\"><div class=\"uagb-section__overlay\"><\/div><div class=\"uagb-section__inner-wrap\">\n<p class=\"has-text-align-center\"><strong>H\u00e4r hittar du all information du beh\u00f6ver om 3Hus privacy- och cookies policies.<\/strong><\/p>\n<\/div><\/section>\n<\/div><\/section>\n\n\n\n<section class=\"wp-block-uagb-section uagb-section__wrap uagb-section__background-undefined uagb-block-7afbd086 animated fadeIn slow\" id=\"laget\"><div class=\"uagb-section__overlay\"><\/div><div class=\"uagb-section__inner-wrap\">\n<div class=\"wp-block-uagb-advanced-heading uagb-block-44e9320f\"><h2 class=\"uagb-heading-text\"><strong><strong>PRIVACY POLICY\/DATASKYDDSPOLICY<\/strong><\/strong><\/h2><p class=\"uagb-desc-text\"><\/p><\/div>\n\n\n\n<section class=\"wp-block-uagb-section uagb-section__wrap uagb-section__background-undefined uagb-block-e8467954\"><div class=\"uagb-section__overlay\"><\/div><div class=\"uagb-section__inner-wrap\">\n<p class=\"has-text-align-center\">I dataskyddspolicyn beskrivs hur Fastighets AB 3Hus behandlar personuppgifter i rollen som personuppgiftsansvarig och hur dina r\u00e4ttigheter och integritet skyddas. Fastighets AB 3Hus v\u00e4rnar om din personliga integritet, och v\u00e5r dataskyddspolicy syftar till att f\u00f6rklara p\u00e5 vilket s\u00e4tt vi samlar in dina personuppgifter och hur de sedan anv\u00e4nds. Ur Policyn g\u00e5r att utl\u00e4sa vilka r\u00e4ttigheter du har gentemot oss och hur du kan g\u00f6ra dessa g\u00e4llande.<\/p>\n<\/div><\/section>\n<\/div><\/section>\n\n\n\n<section class=\"wp-block-uagb-section uagb-section__wrap uagb-section__background-undefined uagb-block-ae6eb497 animated fadeIn slow\" id=\"laget\"><div class=\"uagb-section__overlay\"><\/div><div class=\"uagb-section__inner-wrap\">\n<div class=\"wp-block-uagb-advanced-heading uagb-block-91af92e3\"><h2 class=\"uagb-heading-text\"><strong><strong><strong>PERSONUPPGIFTSANSVARIG<\/strong><\/strong><\/strong><\/h2><p class=\"uagb-desc-text\"><\/p><\/div>\n\n\n\n<section class=\"wp-block-uagb-section uagb-section__wrap uagb-section__background-undefined uagb-block-b811a826\"><div class=\"uagb-section__overlay\"><\/div><div class=\"uagb-section__inner-wrap\">\n<p class=\"has-text-align-center\">Fastighet AB 3Hus<br>Box 163, 265 22 \u00c5storp<br>\u00c5storp 556739-8010<\/p>\n<\/div><\/section>\n<\/div><\/section>\n\n\n\n<section class=\"wp-block-uagb-section uagb-section__wrap uagb-section__background-undefined uagb-block-3413f53b animated fadeIn slow\" id=\"laget\"><div class=\"uagb-section__overlay\"><\/div><div class=\"uagb-section__inner-wrap\">\n<div class=\"wp-block-uagb-advanced-heading uagb-block-55cf38db\"><h2 class=\"uagb-heading-text\"><strong><strong><strong><strong>VAD ANV\u00c4NDER VI DIN INFORMATION TILL?<\/strong><br><\/strong><\/strong><\/strong><\/h2><p class=\"uagb-desc-text\"><\/p><\/div>\n\n\n\n<section class=\"wp-block-uagb-section uagb-section__wrap uagb-section__background-undefined uagb-block-be8f1c90\"><div class=\"uagb-section__overlay\"><\/div><div class=\"uagb-section__inner-wrap\">\n<p class=\"has-text-align-center\">Fastighet AB 3Hus beh\u00f6ver behandla dina personuppgifter f\u00f6r att kunna info och fullf\u00f6lja aff\u00e4rsavtal.&nbsp;De personuppgifter du l\u00e4mnar ifr\u00e5n dig till oss kan komma att anv\u00e4ndas av Fastighet AB 3Hus f\u00f6r egen kommunikation och marknadsf\u00f6ring som exempelvis inbjudningar till egna event och seminarier, nyhetsbrev och t\u00e4vlingar. Kommunikation sker i form av tryckta utskick och digitala utskick via e-post.<\/p>\n\n\n\n<p class=\"has-text-align-center\">Vi anv\u00e4nder oss av cookies f\u00f6r att f\u00f6rb\u00e4ttra upplevelsen p\u00e5 v\u00e5r webbsida f\u00f6r dig som anv\u00e4ndare. En cookie \u00e4r en textfil som placeras p\u00e5 din h\u00e5rddisk och som anv\u00e4nds f\u00f6r att till exempel ge dig en smidigare anv\u00e4ndarupplevelse av hemsidan eller f\u00f6r att ge dig fortl\u00f6pande information som \u00e4r relevant f\u00f6r dina \u00f6nskem\u00e5l och val.<\/p>\n<\/div><\/section>\n<\/div><\/section>\n\n\n\n<section class=\"wp-block-uagb-section uagb-section__wrap uagb-section__background-undefined uagb-block-fe98f8cb animated fadeIn slow\" id=\"laget\"><div class=\"uagb-section__overlay\"><\/div><div class=\"uagb-section__inner-wrap\">\n<div class=\"wp-block-uagb-advanced-heading uagb-block-52031afc\"><h2 class=\"uagb-heading-text\"><strong><strong><strong><strong><strong>KOMMER FASTIGHETS AB 3HUS ATT DELA DIN INFORMATION MED N\u00c5GON?<\/strong><\/strong><\/strong><\/strong><\/strong><\/h2><p class=\"uagb-desc-text\"><\/p><\/div>\n\n\n\n<section class=\"wp-block-uagb-section uagb-section__wrap uagb-section__background-undefined uagb-block-bb0a537c\"><div class=\"uagb-section__overlay\"><\/div><div class=\"uagb-section__inner-wrap\">\n<p class=\"has-text-align-center\">Vi kan komma att \u00f6verf\u00f6ra dina personuppgifter till v\u00e5ra aff\u00e4rspartners som behandlar personuppgifter f\u00f6r Fastighet AB 3Hus r\u00e4kning f\u00f6r de syften som beskrivs i den h\u00e4r dataskyddspolicyn och som d\u00e4rigenom kan komma att ha tillf\u00e4llig tillg\u00e5ng till personuppgifter. Detta sker alltid i enlighet med ett skriftligt personuppgiftsbitr\u00e4desavtal som s\u00e4kerst\u00e4ller att behandlingen sker enligt Fastighet AB 3Hus instruktioner. Vi kr\u00e4ver vidare att v\u00e5ra aff\u00e4rspartners anv\u00e4nder l\u00e4mpliga s\u00e4kerhets\u00e5tg\u00e4rder f\u00f6r att skydda och radera dina personuppgifter inom rimlig tid n\u00e4r de fullgjort sitt uppdrag.<\/p>\n\n\n\n<p class=\"has-text-align-center\">Vi kommer dock aldrig att s\u00e4lja personuppgifter till tredje part.<\/p>\n\n\n\n<p class=\"has-text-align-center\">Om dina uppgifter \u00f6verf\u00f6rs till tredje land (exempelvis USA) s\u00e4kerst\u00e4ller vi att n\u00e5gon av f\u00f6ljande r\u00e4ttsliga s\u00e4kerhets\u00e5tg\u00e4rder till\u00e4mpas: beslut om att ett land s\u00e4kerst\u00e4ller en adekvat skyddsniv\u00e5, Privacy Shield mellan EU och USA, standardavtalsklausuler eller ditt samtycke. Uppgifter \u00f6verf\u00f6rs aldrig till tredje land utan n\u00e5gon av dessa s\u00e4kerhets\u00e5tg\u00e4rder.<\/p>\n<\/div><\/section>\n<\/div><\/section>\n\n\n\n<section class=\"wp-block-uagb-section uagb-section__wrap uagb-section__background-undefined uagb-block-e35420c3 animated fadeIn slow\" id=\"laget\"><div class=\"uagb-section__overlay\"><\/div><div class=\"uagb-section__inner-wrap\">\n<div class=\"wp-block-uagb-advanced-heading uagb-block-99e412ed\"><h2 class=\"uagb-heading-text\"><strong><strong><strong><strong><strong><strong>MYNDIGHETER<\/strong><\/strong><\/strong><\/strong><\/strong><\/strong><\/h2><p class=\"uagb-desc-text\"><\/p><\/div>\n\n\n\n<section class=\"wp-block-uagb-section uagb-section__wrap uagb-section__background-undefined uagb-block-4aa7d5fb\"><div class=\"uagb-section__overlay\"><\/div><div class=\"uagb-section__inner-wrap\">\n<p class=\"has-text-align-center\">I h\u00e4ndelse av att myndigheter efterfr\u00e5gar information och aktivitet relaterat till dina personuppgifter m\u00e5ste Fastighet AB 3Hus delge den information som efterfr\u00e5gas. Exempel p\u00e5 s\u00e5dan myndighet \u00e4r Skatteverket och Polisen.<\/p>\n<\/div><\/section>\n<\/div><\/section>\n\n\n\n<section class=\"wp-block-uagb-section uagb-section__wrap uagb-section__background-undefined uagb-block-fcc7dbc9 animated fadeIn slow\" id=\"laget\"><div class=\"uagb-section__overlay\"><\/div><div class=\"uagb-section__inner-wrap\">\n<div class=\"wp-block-uagb-advanced-heading uagb-block-e0840bd1\"><h2 class=\"uagb-heading-text\"><strong><strong><strong><strong><strong><strong><strong>K\u00d6P ELLER F\u00d6RS\u00c4LJNING AV VERKSAMHETEN&nbsp;<\/strong><\/strong><\/strong><\/strong><\/strong><\/strong><\/strong><\/h2><p class=\"uagb-desc-text\"><\/p><\/div>\n\n\n\n<section class=\"wp-block-uagb-section uagb-section__wrap uagb-section__background-undefined uagb-block-28d11468\"><div class=\"uagb-section__overlay\"><\/div><div class=\"uagb-section__inner-wrap\">\n<p class=\"has-text-align-center\">I h\u00e4ndelse av f\u00f6rs\u00e4ljning av Fastighet AB 3Hus eller Fastighet AB 3Hus k\u00f6p av annan verksamhet kan dina personuppgifter delas med tredje part.<\/p>\n<\/div><\/section>\n<\/div><\/section>\n\n\n\n<section class=\"wp-block-uagb-section uagb-section__wrap uagb-section__background-undefined uagb-block-818b8964 animated fadeIn slow\" id=\"laget\"><div class=\"uagb-section__overlay\"><\/div><div class=\"uagb-section__inner-wrap\">\n<div class=\"wp-block-uagb-advanced-heading uagb-block-33516a8a\"><h2 class=\"uagb-heading-text\"><strong><strong><strong><strong><strong><strong><strong><strong>I VILKA L\u00c4NDER SKER V\u00c5R BEHANDLING AV DINA PERSONUPPGIFTER?<\/strong><\/strong><\/strong><\/strong><\/strong><\/strong><\/strong><\/strong><\/h2><p class=\"uagb-desc-text\"><\/p><\/div>\n\n\n\n<section class=\"wp-block-uagb-section uagb-section__wrap uagb-section__background-undefined uagb-block-cbafdb59\"><div class=\"uagb-section__overlay\"><\/div><div class=\"uagb-section__inner-wrap\">\n<p class=\"has-text-align-center\">Dina personuppgifter kommer vid varje tillf\u00e4lle att behandlas inom EU\/EES, med undantag f\u00f6r de cookies som hanteras av Google i USA.<\/p>\n<\/div><\/section>\n<\/div><\/section>\n\n\n\n<section class=\"wp-block-uagb-section uagb-section__wrap uagb-section__background-undefined uagb-block-20dc9964 animated fadeIn slow\" id=\"laget\"><div class=\"uagb-section__overlay\"><\/div><div class=\"uagb-section__inner-wrap\">\n<div class=\"wp-block-uagb-advanced-heading uagb-block-c927f846\"><h2 class=\"uagb-heading-text\"><strong><strong><strong><strong><strong><strong><strong><strong><strong>HUR L\u00c4NGE SPARAS DINA PERSONUPPGIFTER?<\/strong><\/strong><\/strong><\/strong><\/strong><\/strong><\/strong><\/strong><\/strong><\/h2><p class=\"uagb-desc-text\"><\/p><\/div>\n\n\n\n<section class=\"wp-block-uagb-section uagb-section__wrap uagb-section__background-undefined uagb-block-7a12691b\"><div class=\"uagb-section__overlay\"><\/div><div class=\"uagb-section__inner-wrap\">\n<p class=\"has-text-align-center\">Dina personuppgifter kommer att sparas s\u00e5 l\u00e4nge lagen (till exempel Bokf\u00f6ringslagen) kr\u00e4ver att det sparas och s\u00e5 l\u00e4nge det \u00e4r n\u00f6dv\u00e4ndigt f\u00f6r att vi ska kunna utf\u00f6ra de \u00e5taganden vi har gentemot dig som kund. N\u00e4r personuppgifterna inte l\u00e4ngre beh\u00f6vs i enlighet med ovan beskrivning plockas uppgifterna bort och g\u00e5r ej att \u00e5terst\u00e4lla eller p\u00e5 annat s\u00e4tt h\u00e4rledas.<\/p>\n<\/div><\/section>\n<\/div><\/section>\n\n\n\n<section class=\"wp-block-uagb-section uagb-section__wrap uagb-section__background-undefined uagb-block-044936a2 animated fadeIn slow\" id=\"laget\"><div class=\"uagb-section__overlay\"><\/div><div class=\"uagb-section__inner-wrap\">\n<div class=\"wp-block-uagb-advanced-heading uagb-block-8b54d3db\"><h2 class=\"uagb-heading-text\"><strong><strong><strong><strong><strong><strong><strong><strong><strong><strong>DINA R\u00c4TTIGHETER TILL TILLG\u00c5NG, R\u00c4TTELSE OCH RADERING:<\/strong><br><\/strong><\/strong><\/strong><\/strong><\/strong><\/strong><\/strong><\/strong><\/strong><\/h2><p class=\"uagb-desc-text\"><\/p><\/div>\n\n\n\n<section class=\"wp-block-uagb-section uagb-section__wrap uagb-section__background-undefined uagb-block-03c3dcd5\"><div class=\"uagb-section__overlay\"><\/div><div class=\"uagb-section__inner-wrap\">\n<ul><li>R\u00e4tt att f\u00e5 tillg\u00e5ng till din data. Du kan beg\u00e4ra att f\u00e5 ett utdrag av&nbsp;de uppgifter vi har om dig.<\/li><li>R\u00e4tt till r\u00e4ttelse. Du har r\u00e4tt att korrigera felaktig eller icke-komplett&nbsp;information om dig sj\u00e4lv.<\/li><li>R\u00e4tt att bli gl\u00f6md. Du har r\u00e4tt att beg\u00e4ra borttagning av dina personuppgifter n\u00e4r syftet med behandlingen inte l\u00e4ngre \u00e4r aktuellt. Det kan dock finnas legala skyldigheter f\u00f6r Fastighets AB 3Hus, som hindrar omedelbar borttagning av dina personuppgifter eller delar av dem. Dessa skyldigheter kommer bla fr\u00e5n bokf\u00f6rings- och skattelagstiftning. I s\u00e5 fall sparas enbart de personuppgifter som vi \u00e4r skyldiga att spara f\u00f6r att uppfylla s\u00e5dana legala skyldigheter.<\/li><\/ul>\n<\/div><\/section>\n<\/div><\/section>\n\n\n\n<section class=\"wp-block-uagb-section uagb-section__wrap uagb-section__background-undefined uagb-block-ae5bf4a4 animated fadeIn slow\" id=\"laget\"><div class=\"uagb-section__overlay\"><\/div><div class=\"uagb-section__inner-wrap\">\n<div class=\"wp-block-uagb-advanced-heading uagb-block-1dafb674\"><h2 class=\"uagb-heading-text\"><strong><strong><strong><strong><strong><strong><strong><strong><strong><strong><strong>KONTAKT VID FR\u00c5GOR OCH KLAGOM\u00c5L<\/strong><\/strong><\/strong><\/strong><\/strong><\/strong><\/strong><\/strong><\/strong><\/strong><\/strong><\/h2><p class=\"uagb-desc-text\"><\/p><\/div>\n\n\n\n<section class=\"wp-block-uagb-section uagb-section__wrap uagb-section__background-undefined uagb-block-5047fae2\"><div class=\"uagb-section__overlay\"><\/div><div class=\"uagb-section__inner-wrap\">\n<p>Fastighets AB 3Hus \u00e4r personuppgiftsansvarig f\u00f6r behandlingen av dina personuppgifter enligt ovan och f\u00f6ljer svensk dataskyddslagstiftning.<\/p>\n\n\n\n<p>Du kan kontakta personuppgiftsansvarig p\u00e5 Fastighets AB 3Hus f\u00f6r alla dina fr\u00e5gor kring dataskydd via mail till&nbsp;<a href=\"mailto:info@3hus.se\">info@3hus.se<\/a>&nbsp;eller via vanlig post till Fastighets AB 3Hus, Att: Personuppgiftsansvarig, Fastighet AB 3Hus<br>Box 163, 265 22 \u00c5storp<\/p>\n\n\n\n<p>Du har r\u00e4tt att inge klagom\u00e5l till Datainspektionen som \u00e4r tillsynsmyndighet. Detta g\u00f6r du enklast genom kontakt via&nbsp;<a href=\"http:\/\/www.datainspektionen.se\/\">www.datainspektionen.se<\/a>.<\/p>\n<\/div><\/section>\n<\/div><\/section>\n","protected":false},"excerpt":{"rendered":"","protected":false},"author":1,"featured_media":0,"parent":0,"menu_order":0,"comment_status":"closed","ping_status":"closed","template":"","meta":{"_uag_custom_page_level_css":"","site-sidebar-layout":"no-sidebar","site-content-layout":"plain-container","ast-site-content-layout":"","site-content-style":"default","site-sidebar-style":"default","ast-global-header-display":"","ast-banner-title-visibility":"","ast-main-header-display":"","ast-hfb-above-header-display":"","ast-hfb-below-header-display":"","ast-hfb-mobile-header-display":"","site-post-title":"disabled","ast-breadcrumbs-content":"","ast-featured-img":"disabled","footer-sml-layout":"","theme-transparent-header-meta":"enabled","adv-header-id-meta":"","stick-header-meta":"","header-above-stick-meta":"","header-main-stick-meta":"","header-below-stick-meta":"","astra-migrate-meta-layouts":"","footnotes":""},"featured_image_urls":{"full":"","thumbnail":"","medium":"","medium_large":"","large":"","1536x1536":"","2048x2048":""},"post_excerpt_stackable":"<p>Integritetspolicy PRIVACY OCH COOKIES POLICY H\u00e4r hittar du all information du beh\u00f6ver om 3Hus privacy- och cookies policies. PRIVACY POLICY\/DATASKYDDSPOLICY I dataskyddspolicyn beskrivs hur Fastighets AB 3Hus behandlar personuppgifter i rollen som personuppgiftsansvarig och hur dina r\u00e4ttigheter och integritet skyddas. Fastighets AB 3Hus v\u00e4rnar om din personliga integritet, och v\u00e5r dataskyddspolicy syftar till att f\u00f6rklara p\u00e5 vilket s\u00e4tt vi samlar in dina personuppgifter och hur de sedan anv\u00e4nds. Ur Policyn g\u00e5r att utl\u00e4sa vilka r\u00e4ttigheter du har gentemot oss och hur du kan g\u00f6ra dessa g\u00e4llande. PERSONUPPGIFTSANSVARIG Fastighet AB 3HusBox 163, 265 22 \u00c5storp\u00c5storp 556739-8010 VAD ANV\u00c4NDER VI DIN INFORMATION&hellip;<\/p>\n","category_list":"","author_info":{"name":"Carlos","url":"https:\/\/3hus.se\/projekt\/brf-nasslan\/author\/carlos\/"},"comments_num":"0 comments","featured_image_urls_v2":{"full":"","thumbnail":"","medium":"","medium_large":"","large":"","1536x1536":"","2048x2048":""},"post_excerpt_stackable_v2":"<p>Integritetspolicy PRIVACY OCH COOKIES POLICY H\u00e4r hittar du all information du beh\u00f6ver om 3Hus privacy- och cookies policies. PRIVACY POLICY\/DATASKYDDSPOLICY I dataskyddspolicyn beskrivs hur Fastighets AB 3Hus behandlar personuppgifter i rollen som personuppgiftsansvarig och hur dina r\u00e4ttigheter och integritet skyddas. Fastighets AB 3Hus v\u00e4rnar om din personliga integritet, och v\u00e5r dataskyddspolicy syftar till att f\u00f6rklara p\u00e5 vilket s\u00e4tt vi samlar in dina personuppgifter och hur de sedan anv\u00e4nds. Ur Policyn g\u00e5r att utl\u00e4sa vilka r\u00e4ttigheter du har gentemot oss och hur du kan g\u00f6ra dessa g\u00e4llande. PERSONUPPGIFTSANSVARIG Fastighet AB 3HusBox 163, 265 22 \u00c5storp\u00c5storp 556739-8010 VAD ANV\u00c4NDER VI DIN INFORMATION&hellip;<\/p>\n","category_list_v2":"","author_info_v2":{"name":"Carlos","url":"https:\/\/3hus.se\/projekt\/brf-nasslan\/author\/carlos\/"},"comments_num_v2":"0 comments","uagb_featured_image_src":{"full":false,"thumbnail":false,"medium":false,"medium_large":false,"large":false,"1536x1536":false,"2048x2048":false},"uagb_author_info":{"display_name":"Carlos","author_link":"https:\/\/3hus.se\/projekt\/brf-nasslan\/author\/carlos\/"},"uagb_comment_info":0,"uagb_excerpt":null,"_links":{"self":[{"href":"https:\/\/3hus.se\/projekt\/brf-nasslan\/wp-json\/wp\/v2\/pages\/219"}],"collection":[{"href":"https:\/\/3hus.se\/projekt\/brf-nasslan\/wp-json\/wp\/v2\/pages"}],"about":[{"href":"https:\/\/3hus.se\/projekt\/brf-nasslan\/wp-json\/wp\/v2\/types\/page"}],"author":[{"embeddable":true,"href":"https:\/\/3hus.se\/projekt\/brf-nasslan\/wp-json\/wp\/v2\/users\/1"}],"replies":[{"embeddable":true,"href":"https:\/\/3hus.se\/projekt\/brf-nasslan\/wp-json\/wp\/v2\/comments?post=219"}],"version-history":[{"count":26,"href":"https:\/\/3hus.se\/projekt\/brf-nasslan\/wp-json\/wp\/v2\/pages\/219\/revisions"}],"predecessor-version":[{"id":1762,"href":"https:\/\/3hus.se\/projekt\/brf-nasslan\/wp-json\/wp\/v2\/pages\/219\/revisions\/1762"}],"wp:attachment":[{"href":"https:\/\/3hus.se\/projekt\/brf-nasslan\/wp-json\/wp\/v2\/media?parent=219"}],"curies":[{"name":"wp","href":"https:\/\/api.w.org\/{rel}","templated":true}]}}